e 0*m - 1221 = -3*m + y, -1635 = -4*m - y. Suppose 303*p = 309*p - 306. What is the highest common factor of m and p?
51
Let o(m) = m - 2. Let i be o(8). Let a be (5 - i)*(-1 + -1). Let c be (44 - (-3 - -3))/a. What is the highest common divisor of 55 and c?
11
Suppose 6 = 3*o - 2*s, -o = -6*o - 2*s + 26. Let b = -3 + 7. What is the greatest common factor of o and b?
4
Let u be 278 - (-1 + 2)*-1. Let y be (-31)/(-3)*-4*(-30)/40. Calculate the greatest common factor of u and y.
31
Let b = -24 - -44. Let w be (b - (-3 - 1)) + -3. Calculate the highest common factor of 3 and w.
3
Suppose 2 = -5*u + 2*d + 13, 2*d = -2*u + 10. Suppose n = u*n - 22. Let b(r) = -43*r + 1. Let m be b(-1). What is the highest common factor of m and n?
11
Suppose 0 = 4*z - 35 - 37. Let m be ((-6)/1 - 1) + 25. Calculate the highest common divisor of m and z.
18
Let m = 39 - 19. Let a = 20 - m. Suppose a = -4*q + 4, -u + 3*q = -q. Calculate the greatest common factor of 36 and u.
4
Suppose 31 = -3*z - 2. Let s = z - -27. Calculate the greatest common factor of s and 160.
16
Let i be (12/(-10))/((2 + -5)/45). Let d(n) = n**2 - 8*n - 27. Let u be d(11). What is the greatest common factor of u and i?
6
Suppose 74 = -4*l + 6. Let b be (-1462)/l - (0 - -1). What is the highest common factor of b and 5?
5
Suppose 0 = 4*m - m + 3*o - 18, -2*m + 7 = -3*o. What is the greatest common divisor of m and 125?
5
Let j = -1 - -31. Let q = -5 + j. Calculate the greatest common factor of q and 25.
25
Let l(u) = -22*u - 42. Let s be l(-5). What is the highest common factor of 119 and s?
17
Suppose 12 = 2*b - 6. What is the greatest common divisor of b and 15?
3
Suppose -20*p + 5600 = 50*p. What is the greatest common factor of 440 and p?
40
Let o(v) = -9*v - 1. Let j be o(-1). Suppose 5 = -j*l + 21. What is the greatest common factor of l and 1?
1
Let t = 8 - -9. Suppose 22*z - 2244 = 10*z. What is the highest common factor of t and z?
17
Suppose -3*x + 9*m = 4*m - 129, 0 = 4*m - 12. Suppose -2*o - x = -h + o, -3*o = 4*h - 267. Calculate the greatest common divisor of 7 and h.
7
Let h = 250 + -103. What is the highest common factor of 28 and h?
7
Let s = 703 + -550. What is the greatest common divisor of 102 and s?
51
Let k = 13 - 50. Let t = -33 - k. Calculate the highest common factor of 36 and t.
4
Let a(g) = 7*g**2 + 138*g + 12. Let l be a(-20). Calculate the highest common factor of l and 442.
26
Let r = -367 + 470. What is the greatest common factor of 2369 and r?
103
Let d(q) = 11*q**2 - q + 1. Let v(o) = o - 4. Let i be v(3). Let u be d(i). Let r = 122 + u. What is the highest common factor of 27 and r?
27
Let s(z) = 7*z - 38. Suppose 4*l + 3*g - 7 = 2, l - g = 11. Let x be s(l). Calculate the greatest common factor of 8 and x.
4
Let o(m) = 2*m**2 + 26*m - 14. Let q(t) = -t**2 + t. Let n(s) = -o(s) - 3*q(s). Let g be n(29). Calculate the highest common divisor of g and 238.
14
Suppose -2*u + 0*u - 8 = 4*t, -4*u + 4 = 3*t. Suppose 4 = -2*l, 5*v + 3*l - u*l - 117 = 0. Calculate the highest common factor of 92 and v.
23
Let h(z) = 34*z**2 - 4*z - 8. Let w be h(3). What is the highest common divisor of w and 26?
26
Let l be (64/(-6))/(5/((-150)/4)). Suppose 4*h = 5*d + 185, -3*d - 215 = -5*h - 0*d. Calculate the highest common divisor of h and l.
40
Let c be (-2)/3 + (-340)/(-6). Let q = 3324 + -3184. What is the highest common divisor of q and c?
28
Let l(o) = 4*o + 34. Let t be l(-9). Let p(q) = -9*q**3 + 2*q**2 + q - 2. Let x be p(t). What is the highest common factor of x and 4?
4
Suppose 3*z - 2*t - 40 = 0, 2*z = -t - 30 + 45. Calculate the highest common divisor of 235 and z.
5
Suppose -26 = d - 2*d. Let f = 4976 + -4768. Calculate the highest common factor of d and f.
26
Let m(q) be the second derivative of q**3/2 - 15*q**2/2 + 12*q. Let t be m(11). Calculate the greatest common factor of 72 and t.
18
Suppose -5*d = 4*k + 16, -7*d = -k - 3*d + 17. Let b = 49 + -27. Suppose 3*t = 5*w - b, -t - 24 = -4*w + 3*t. Calculate the highest common divisor of k and w.
1
Let k = -1540 + 1541. What is the greatest common factor of 127 and k?
1
Let r be 0/(-2) + 42*-2. Let q = r - -1194. Suppose o + 4*o = -15, 5*f + 5*o - q = 0. What is the highest common factor of f and 25?
25
Let z = -933 + 957. What is the greatest common divisor of z and 66?
6
Let v = 38 - -12. Let g = 773 - 763. What is the highest common factor of g and v?
10
Suppose -4*m + 60 = 3*a, m + 3*a - 24 = -0*a. What is the highest common divisor of 156 and m?
12
Suppose 0 = -r + 2*b + 2*b - 12, -4*r = 5*b - 15. Suppose 0 = -3*l + 12 - r. Let k(j) = j**2 - 2. Let a be k(l). What is the highest common factor of a and 42?
14
Suppose -u + 1703 = 5*o, 2*o - 10*u = -5*u + 665. What is the greatest common factor of 51 and o?
17
Let p(h) = 15*h**2 + 17*h + 64. Let l be p(-3). Calculate the greatest common divisor of l and 4.
4
Suppose -3*c - 3*c = 54. Let x be c - -6 - (-1 - 14). Suppose x*a - 165 = 7*a. What is the highest common divisor of 11 and a?
11
Let l be (-76)/12 + 1/3. Let p = l + 6. Suppose 0*z + 440 = 4*v - 2*z, -2*z = p. Calculate the highest common divisor of v and 22.
22
Suppose 40 = 4*s + 108. Let f be ((-1)/(-3))/(7/(-399)). Let g = s - f. Calculate the greatest common divisor of 10 and g.
2
Let b be 345/(-3)*(-9)/15. Let m = 99 - b. What is the greatest common factor of m and 40?
10
Let l be -2 - (-20)/(0 - -2). Let r = 13 - 10. Suppose -l = -t + r. What is the highest common factor of t and 1?
1
Let j = 50 + -5. Let v = -25 + j. Calculate the greatest common divisor of v and 8.
4
Suppose 5*q + 4*d = 1060, -12*d - 212 = -q - 16*d. Calculate the greatest common divisor of 4 and q.
4
Suppose 0 = -4*t - 74*l + 78*l + 6664, -5*t + 4*l + 8330 = 0. Calculate the highest common factor of 17 and t.
17
Let i be 3 - 2 - 35/(-5). Suppose 10*v = 8*v + i. What is the greatest common divisor of 4 and v?
4
Suppose -5*o = -256 + 51. Let g = 43 - o. Suppose 5*b = 5*p, -4*b - p + 18 = 4*p. What is the highest common divisor of g and b?
2
Suppose l - 4*a + 0 - 18 = 0, 3*l = -3*a + 24. Let g = 126 + -115. Suppose -g = -9*k + 169. Calculate the highest common factor of k and l.
10
Let n = -343 + 358. Calculate the highest common factor of 45 and n.
15
Let w(q) = -q**2 - 45*q - 291. Let k be w(-9). What is the highest common divisor of k and 891?
33
Suppose -3*p - 842 = -5*r, -2*p = -3*r - 0*p + 505. Calculate the greatest common divisor of 26 and r.
13
Let j = -4 - -5. Suppose 4*d - 13 = -4*b + 31, 0 = b - d - j. Suppose -2*s + 16 = -b. What is the greatest common divisor of s and 1?
1
Suppose -14 = -y - 0*y. Suppose -17*s = -y*s - 165. Let t = 16 + -5. Calculate the greatest common divisor of t and s.
11
Let u be (-1)/(-2 + 171/87). Let z(i) = -1 - 17*i + u*i - 11*i + 18. Let a be z(11). Calculate the highest common divisor of a and 4.
4
Let q = 256 + -249. What is the greatest common factor of q and 112?
7
Let q be (-23*3)/(-1 - 0). Suppose -97*i + 92*i - 107 = -4*s, 0 = 4*s - 3*i - 101. What is the greatest common divisor of q and s?
23
Suppose 4*w + 259 = -5*p + 10*p, 105 = 2*p - 3*w. Calculate the greatest common factor of 136 and p.
17
Let v = 14 - 8. Let w be v/1*128/4. Suppose 2*p - 510 + 446 = 0. What is the highest common divisor of p and w?
32
Let x be ((-316)/10)/((-68)/1870). Calculate the highest common divisor of x and 79.
79
Let v(f) = -13*f**3 - 2*f - 1. Let l be v(-1). Let c = 27 - -127. Calculate the greatest common divisor of c and l.
14
Let z(q) = -7*q + 1. Let v be z(-2). Suppose -5*t - 31 = x + x, -3*x - 24 = 3*t. Let p = 0 - x. Calculate the greatest common divisor of v and p.
3
Suppose 51 = 5*z - a + 9, -12 = -2*z + 2*a. What is the highest common divisor of 1359 and z?
9
Suppose 24364 - 2524 = 42*w. What is the greatest common factor of 8 and w?
8
Let s be 1/((1*(-4)/148)/(-1)). Let m = s + -22. Calculate the highest common divisor of 165 and m.
15
Let d(h) = 9*h - 4 + h**3 - 2 + 2*h**2 + 0*h**3 + 9*h**2. Let a be d(-9). Calculate the highest common divisor of a and 30.
15
Let x(c) = c**2 - 5*c + 1. Let m be x(6). Let n be -4 - (m*-3 - 3). What is the highest common factor of n and 30?
10
Let i be (-12 + 4)/(3/(300/(-2))). What is the greatest common divisor of 160 and i?
80
Suppose 304 = 23*k - 455. Calcul